s digit of 8059593?
9
What is the thousands digit of 1951743?
1
What is the hundred thousands digit of 2187990?
1
What is the units digit of 413680?
0
What is the ten thousands digit of 3275206?
7
What is the thousands digit of 106987?
6
What is the tens digit of 1777299?
9
What is the thousands digit of 2071448?
1
What is the units digit of 440337?
7
What is the hundred thousands digit of 239263?
2
What is the millions digit of 18339283?
8
What is the thousands digit of 67274?
7
What is the hundreds digit of 490525?
5
What is the units digit of 371443?
3
What is the hundreds digit of 38673?
6
What is the hundreds digit of 21219581?
5
What is the hundreds digit of 485245?
2
What is the thousands digit of 116412?
6
What is the ten thousands digit of 5540626?
4
What is the thousands digit of 146348?
6
What is the units digit of 5478483?
3
What is the tens digit of 1258382?
8
What is the hundreds digit of 272380?
3
What is the hundred thousands digit of 1337178?
3
What is the hundreds digit of 6120447?
4
What is the hundreds digit of 983996?
9
What is the thousands digit of 227176?
7
What is the tens digit of 202894?
9
What is the hundreds digit of 10485197?
1
What is the tens digit of 6118135?
3
What is the units digit of 158388?
8
What is the hundred thousands digit of 145768?
1
What is the thousands digit of 1159353?
9
What is the thousands digit of 3163860?
3
What is the hundreds digit of 4149533?
5
What is the hundreds digit of 38800195?
1
What is the thousands digit of 1997620?
7
What is the ten thousands digit of 23223778?
2
What is the tens digit of 209684?
8
What is the thousands digit of 829857?
9
What is the ten thousands digit of 1254249?
5
What is the tens digit of 2744489?
8
What is the ten thousands digit of 293880?
9
What is the units digit of 2201511?
1
What is the ten thousands digit of 12216536?
1
What is the units digit of 5286658?
8
What is the units digit of 4360598?
8
What is the hundred thousands digit of 422453?
4
What is the thousands digit of 597969?
7
What is the millions digit of 10279975?
0
What is the thousands digit of 128457?
8
What is the hundred thousands digit of 2313277?
3
What is the units digit of 520960?
0
What is the units digit of 3591875?
5
What is the hundreds digit of 2879527?
5
What is the units digit of 657086?
6
What is the ten thousands digit of 72864?
7
What is the tens digit of 37978?
7
What is the ten millions digit of 44366817?
4
What is the hundreds digit of 4923353?
3
What is the ten thousands digit of 437652?
3
What is the ten thousands digit of 206085?
0
What is the tens digit of 63767?
6
What is the hundreds digit of 4680715?
7
What is the tens digit of 157815?
1
What is the hundred thousands digit of 16052899?
0
What is the thousands digit of 349540?
9
What is the thousands digit of 9741728?
1
What is the units digit of 210834?
4
What is the ten thousands digit of 20798482?
9
What is the hundreds digit of 1377955?
9
What is the units digit of 953363?
3
What is the units digit of 63623?
3
What is the ten millions digit of 13479522?
1
What is the units digit of 9205548?
8
What is the thousands digit of 29192064?
2
What is the ten thousands digit of 251014?
5
What is the hundred thousands digit of 339958?
3
What is the hundred thousands digit of 7980399?
9
What is the thousands digit of 1060817?
0
What is the hundreds digit of 258945?
9
What is the hundreds digit of 412737?
7
What is the millions digit of 1136036?
1
What is the hundred thousands digit of 2928892?
9
What is the hundreds digit of 22454?
4
What is the ten thousands digit of 68835?
6
What is the tens digit of 224095?
9
What is the ten thousands digit of 1025467?
2
What is the thousands digit of 4130083?
0
What is the ten thousands digit of 75539?
7
What is the hundreds digit of 1502405?
4
What is the ten thousands digit of 1227715?
2
What is the hundreds digit of 3516819?
8
What is the thousands digit of 903775?
3
What is the ten thousands digit of 777182?
7
What is the ten thousands digit of 543350?
4
What is the ten thousands digit of 403269?
0
What is the tens digit of 626813?
1
What is the hundreds digit of 277548?
5
What is the ten thousands digit of 25474477?
7
What is the ten thousands digit of 5302649?
0
What is the hundred thousands digit of 18947395?
9
What is the thousands digit of 6031115?
1
What is the hundreds digit of 20806?
8
What is the tens digit of 1068038?
3
What is the hundreds digit of 14086428?
4
What is the ten thousands digit of 8423087?
2
What is the ten thousands digit of 84688?
8
What is the units digit of 6469731?
1
What is the ten thousands digit of 743106?
4
What is the hundred thousands digit of 7544839?
5
What is the hundreds digit of 19268029?
0
What is the hundred thousands digit of 430644?
4
What is the hundred thousands digit of 209012?
2
What is the ten thousands digit of 523951?
2
What is the thousands digit of 12094?
2
What is the millions digit of 1853171?
1
What is the units digit of 98640?
0
What is the hundred thousands digit of 162237?
1
What is the ten thousands digit of 6728940?
2
What is the units digit of 334849?
9
What is the units digit of 167160?
0
What is the thousands digit of 23437318?
7
What is the hundred thousands digit of 3265623?
2
What is the hundred thousands digit of 1448925?
4
What is the millions digit of 25020245?
5
What is the units digit of 81837?
7
What is the ten thousands digit of 152067?
5
What is the thousands digit of 122178?
2
What is the thousands digit of 154887?
4
What is the units digit of 463626?
6
What is the thousands digit of 15551724?
1
What is the ten thousands digit of 2676311?
7
What is the tens digit of 82375?
7
What is the ten thousands digit of 170611?
7
What is the hundred thousands digit of 1005361?
0
What is the ten thousands digit of 336034?
3
What is the units digit of 19545256?
6
What is the thousands digit of 238002?
8
What is the ten thousands digit of 201389?
0
What is the ten thousands digit of 20727689?
2
What is the thousands digit of 25212493?
2
What is the thousands digit of 4317791?
7
What is the tens digit of 126606?
0
What is the units digit of 19009778?
8
What is the ten thousands digit of 27343?
2
What is the thousands digit of 3085917?
5
What is the ten thousands digit of 2287742?
8
What is the hundreds digit of 27309104?
1
What is the ten thousands digit of 16733010?
3
What is the hundreds digit of 107266?
2
What is the millions digit of 10321502?
0
What is the thousands digit of 593730?
3
What is the thousands digit of 12396392?
6
What is the units digit of 669339?
9
What is the hundreds digit of 38573?
5
What is the hundreds digit of 629051?
0
What is the thousands digit of 195532?
5
What is the hundreds digit of 1208507?
5
What is the thousands digit of 155965?
5
What is the tens digit of 2007074?
7
What is the hundred thousands digit of 2199947?
1
What is the ten millions digit of 23778102?
2
What is the hundreds digit of 1064664?
6
What is the millions digit of 4374226?
4
What is the ten thousands digit of 742551?
4
What is the ten thousands digit of 701947?
0
What is the tens digit of 18016139?
3
What is the thousands digit of 2063859?
3
What is the hundred thousands digit of 7370303?
3
What is the units digit of 2069540?
0
What is the hundreds digit of 15731960?
9
What is the ten thousands digit of 540101?
4
What is the millions digit of 23103030?
3
What is the hundreds digit of 52882?
8
What is the units digit of 1495008?
8
What is the thousands digit of 1218489?
8
What is the hundred thousands digit of 12459324?
4
What is the units digit of 10665304?
4
What is the ten thousands digit of 8705635?
0
What is the hundreds digit of 164525?
5
What is the units digit of 710703?
3
What is the hundred thousands digit of 4369226?
3
What is the units digit of 229599?
9
What is the tens digit of 126240?
4
What is the ten thousands digit of 354836?
5
What is the hundreds digit of 357334?
3
What is the tens digit of 8347486?
8
What is the units digit of 9821562?
2
What is the ten millions digit of 10839871?
1
What is the units digit of 2054909?
9
What is the millions digit of 1717143?
1
What is the millions digit of 1970128?
1
What is the ten thousands digit of 183593?
8
What is the millions digit of 17098177?
7
What is